8?
9
What is the units digit of 116?
6
What is the hundreds digit of 292?
2
What is the units digit of 74299?
9
What is the units digit of 12679?
9
What is the tens digit of 29488?
8
What is the hundreds digit of 104?
1
What is the units digit of 390?
0
What is the hundreds digit of 907?
9
What is the units digit of 994?
4
What is the tens digit of 1005?
0
What is the ten thousands digit of 107686?
0
What is the units digit of 10662?
2
What is the hundreds digit of 185?
1
What is the units digit of 636?
6
What is the tens digit of 53957?
5
What is the hundreds digit of 351?
3
What is the hundreds digit of 35600?
6
What is the units digit of 2035?
5
What is the thousands digit of 4515?
4
What is the tens digit of 321?
2
What is the hundreds digit of 472?
4
What is the tens digit of 8339?
3
What is the thousands digit of 14420?
4
What is the units digit of 234?
4
What is the thousands digit of 1102?
1
What is the units digit of 17063?
3
What is the hundreds digit of 2927?
9
What is the hundreds digit of 391?
3
What is the tens digit of 2313?
1
What is the hundreds digit of 27664?
6
What is the units digit of 222?
2
What is the hundreds digit of 4641?
6
What is the thousands digit of 10097?
0
What is the units digit of 44403?
3
What is the units digit of 774?
4
What is the hundreds digit of 5494?
4
What is the tens digit of 757?
5
What is the tens digit of 4544?
4
What is the thousands digit of 27602?
7
What is the tens digit of 29375?
7
What is the thousands digit of 18924?
8
What is the tens digit of 68582?
8
What is the tens digit of 5002?
0
What is the tens digit of 5499?
9
What is the units digit of 2277?
7
What is the tens digit of 2442?
4
What is the units digit of 41?
1
What is the hundred thousands digit of 121914?
1
What is the tens digit of 978?
7
What is the tens digit of 1433?
3
What is the ten thousands digit of 13499?
1
What is the ten thousands digit of 18187?
1
What is the tens digit of 515?
1
What is the tens digit of 62?
6
What is the units digit of 789?
9
What is the units digit of 80488?
8
What is the units digit of 37089?
9
What is the thousands digit of 76890?
6
What is the units digit of 3642?
2
What is the thousands digit of 6356?
6
What is the tens digit of 72508?
0
What is the hundreds digit of 18266?
2
What is the thousands digit of 4017?
4
What is the hundreds digit of 41613?
6
What is the tens digit of 20908?
0
What is the hundreds digit of 3221?
2
What is the ten thousands digit of 27764?
2
What is the tens digit of 21462?
6
What is the units digit of 5?
5
What is the units digit of 80?
0
What is the tens digit of 1026?
2
What is the hundreds digit of 938?
9
What is the tens digit of 104?
0
What is the hundreds digit of 24547?
5
What is the hundreds digit of 848?
8
What is the hundreds digit of 2850?
8
What is the hundreds digit of 899?
8
What is the hundreds digit of 721?
7
What is the hundreds digit of 6080?
0
What is the hundreds digit of 1140?
1
What is the units digit of 2685?
5
What is the tens digit of 37595?
9
What is the hundreds digit of 1040?
0
What is the hundreds digit of 4293?
2
What is the hundreds digit of 2548?
5
What is the units digit of 524?
4
What is the tens digit of 2875?
7
What is the hundreds digit of 24048?
0
What is the thousands digit of 16208?
6
What is the units digit of 1501?
1
What is the units digit of 113971?
1
What is the tens digit of 647?
4
What is the thousands digit of 4485?
4
What is the thousands digit of 1990?
1
What is the units digit of 78?
8
What is the thousands digit of 8384?
8
What is the units digit of 45?
5
What is the units digit of 972?
2
What is the hundreds digit of 522?
5
What is the hundreds digit of 2430?
4
What is the thousands digit of 77516?
7
What is the hundreds digit of 6240?
2
What is the units digit of 595?
5
What is the tens digit of 454?
5
What is the thousands digit of 77740?
7
What is the units digit of 2377?
7
What is the hundreds digit of 432?
4
What is the units digit of 50984?
4
What is the tens digit of 2228?
2
What is the tens digit of 986?
8
What is the tens digit of 687?
8
What is the thousands digit of 1596?
1
What is the units digit of 59?
9
What is the thousands digit of 4520?
4
What is the units digit of 4453?
3
What is the units digit of 1916?
6
What is the units digit of 637?
7
What is the tens digit of 68777?
7
What is the tens digit of 964?
6
What is the units digit of 30686?
6
What is the thousands digit of 45168?
5
What is the tens digit of 53530?
3
What is the units digit of 167286?
6
What is the hundreds digit of 348?
3
What is the tens digit of 9045?
4
What is the hundreds digit of 15621?
6
What is the hundreds digit of 111?
1
What is the thousands digit of 31436?
1
What is the hundreds digit of 35992?
9
What is the hundreds digit of 843?
8
What is the units digit of 9388?
8
What is the tens digit of 1657?
5
What is the units digit of 592?
2
What is the units digit of 6686?
6
What is the units digit of 2076?
6
What is the tens digit of 294?
9
What is the thousands digit of 31896?
1
What is the thousands digit of 14871?
4
What is the tens digit of 6137?
3
What is the tens digit of 11?
1
What is the hundreds digit of 6886?
8
What is the hundreds digit of 463?
4
What is the units digit of 2932?
2
What is the thousands digit of 4818?
4
What is the tens digit of 34623?
2
What is the tens digit of 2168?
6
What is the thousands digit of 13469?
3
What is the tens digit of 14272?
7
What is the tens digit of 815?
1
What is the units digit of 2040?
0
What is the hundreds digit of 3620?
6
What is the hundreds digit of 15098?
0
What is the units digit of 224?
4
What is the hundreds digit of 1413?
4
What is the tens digit of 1509?
0
What is the tens digit of 140485?
8
What is the units digit of 992?
2
What is the hundreds digit of 84351?
3
What is the units digit of 400?
0
What is the thousands digit of 1208?
1
What is the thousands digit of 123367?
3
What is the units digit of 2780?
0
What is the units digit of 939?
9
What is the hundreds digit of 54980?
9
What is the hundreds digit of 500?
5
What is the units digit of 580?
0
What is the tens digit of 2265?
6
What is the tens digit of 18589?
8
What is the ten thousands digit of 18010?
1
What is the thousands digit of 66358?
6
What is the hundreds digit of 19206?
2
What is the tens digit of 9843?
4
What is the hundreds digit of 26740?
7
What is the hundreds digit of 3664?
6
What is the ten thousands digit of 12764?
1
What is the units digit of 524?
4
What is the thousands digit of 5762?
5
What is the hundreds digit of 6675?
6
What is the tens digit of 39230?
3
What is the tens digit of 2101?
0
What is the units digit of 4548?
8
What is the tens digit of 4938?
3
What is the units digit of 8743?
3
What is the units digit of 42107?
7
What is the ten thousands digit of 33502?
3
What is the hundreds digit of 2524?
5
What is the units digit of 103?
3
What is the units digit of 624?
4
What is the tens digit of 13?
1
What is the hundreds digit of 894?
8
What is the tens digit of 150233?
3
What is the units digit of 785?
5
What is the hundreds digit of 15345?
3
What is the ten thousands digit of 23526?
2
What is the thousands digit of 5381?
5
What is the tens digit of 4624?
2
What is the tens digit of 85754?
5
What is the tens digit of 507?
0
What is the units digit of 133?
3
What is the tens digit of 3270?
7
What is the tens digit of 1109?
0
What is the units digit of 31113?
3
What is the tens digit of 22756?
5
What is the hundreds digit of 955?
9
What is the tens digit of 37058?
5
What is the units digit of 5090?
0
What is the tens digit of 42571?
7
What is the units digit of 814?
4
What is the ten thousands digit of 37697?
3
What is the units digit of 3694?
4
What is the units digit of 765?
5
What is the units digit of 616?
6
What is the hundreds digit of 1900?
9
What is the tens digit of 698?
9
What is the ten thousands digit of 13595?
1
What is the tens digit of 26406?
0
What is the hundreds digit of 6360?
3
What is the units digit of 2384?
4
What is the thousands digit of 4262?
4
What is the tens digit of 21430?
3
What is the hundreds digit of 3096?
0
What is the tens digit of 12422?
2
What is the units digit of 474?
4
What is the units digit of 2684?
4
What is the units digit of 2869?
9
W